
Let z = -24 + 52. Let i(q) = -q**2 + 26*q + 25. Let n be i(26). Suppose -21*m = -n*m + z. What are the prime factors of m?
7
Let h = 118 - 112. Suppose -h*g + 32 = -4*g. What are the prime factors of g?
2
Suppose 1529*t - 1523*t - 5124 = 0. What are the prime factors of t?
2, 7, 61
Let a(c) = -c**2 - 13*c - 7. Let g be a(-9). Let p = -19 + g. List the prime factors of p.
2, 5
Suppose 5*k - 6*b + 2*b - 87 = 0, 3*k - 65 = -4*b. Let z = k - 16. List the prime factors of (28/(-8) + z)*-32.
2
What are the prime factors of (-328)/3*(-210)/40?
2, 7, 41
Let t(b) = 8*b - 30. Let g be t(5). Suppose k = -g*k + 2255. List the prime factors of k.
5, 41
Let u(s) be the second derivative of 4*s + 3*s**2 + 0 + 1/3*s**3. List the prime factors of u(4).
2, 7
Let j = -138 - -175. What are the prime factors of j?
37
Let f(r) = -81*r + 144*r + 3 + 2 - 85*r. List the prime factors of f(-2).
7
Suppose 25 = -5*z, -2*z - 8 = -4*g + 2*z. Let f = g + 6. Suppose -f*a - a = -104. What are the prime factors of a?
2, 13
Let j = 24 + 63. List the prime factors of j.
3, 29
List the prime factors of 3380/(-4 - -8) + -6.
839
Let a(n) = -n**3 - n**2 + n - 4. Let v be a(0). List the prime factors of (v - -2)*(-153)/6.
3, 17
Let t(u) = 15*u + 116. Let z(a) = -5*a - 39. Let j(w) = 2*t(w) + 7*z(w). What are the prime factors of j(-12)?
19
Suppose 1 = -d + 2. Suppose 11 = l - 2*m + d, 3*l - 2*m = 22. Suppose -357 = -n - l*n. What are the prime factors of n?
3, 17
Suppose -4*q + 952 = -a, 0*q + 4*a - 255 = -q. What are the prime factors of q?
239
Suppose 0*f + 10*f - 40 = 0. Suppose -f*p = -10 - 62. What are the prime factors of p?
2, 3
Suppose -4*r + 9*r - 1035 = 0. Let f = r - 125. List the prime factors of f.
2, 41
Let i = 1410 - 990. List the prime factors of i.
2, 3, 5, 7
Let c(d) = -d**3 - 23*d**2 + 40*d - 25. Suppose 4*g + 32 + 53 = -3*y, -3*y - 110 = 5*g. What are the prime factors of c(g)?
3, 5
Suppose -g + 3*x = -1276, 3*x + 870 - 6004 = -4*g. List the prime factors of g.
2, 641
Let w(g) = 3*g. List the prime factors of w(24).
2, 3
Suppose 0 = -5*r + 2*p + 2421 + 5122, 0 = p + 4. What are the prime factors of r?
11, 137
Let c(v) be the second derivative of -1/2*v**3 + 11*v + 3/2*v**2 + 0 + 1/6*v**4. List the prime factors of c(5).
2, 19
Let w(c) = c**3 - 5*c**2 - 19*c + 6. Let q be w(8). Let p = 100 + q. List the prime factors of p.
2, 73
Let x be (-1)/4 + 625/4. Suppose -100 = -8*t + x. What are the prime factors of t?
2
Let q be (-1)/3 - 142/(-3). Suppose -2*a + 45 = -q. Suppose -3*k + 6*k + 4*f = 44, a = 3*k + 2*f. List the prime factors of k.
2
Suppose -2 = -4*g + 42. Suppose -5*x - g = 49. Let d = x + 23. What are the prime factors of d?
11
Let h be 792/(-20) - (-3)/5. Let p = h + 103. Suppose p = 3*l - 23. What are the prime factors of l?
29
Let t be ((-12)/(-9))/((-3)/(-18)). Let p(m) = -m**2 + 10*m - 2. Let o be p(t). Suppose 3*a = 41 - o. List the prime factors of a.
3
Let t(b) be the second derivative of -b**5/20 - b**4/6 - 2*b**3/3 - b**2 + 6*b. Let f be t(-2). List the prime factors of 2/f - 24/(-9).
3
Let y(m) = -4*m - 4. Let j be y(-3). Suppose 6*z + j = 2*z. What are the prime factors of (-6)/((z/10)/1)?
2, 3, 5
Let f(u) = 16*u + 13*u + u. What are the prime factors of f(1)?
2, 3, 5
Let d = -263 + 135. What are the prime factors of (-2)/(-16) - 14576/d?
2, 3, 19
Suppose 3*z + 8 = 41. Suppose 0 = 8*g - 4*g + w - 23, 2*g + z = -5*w. Suppose -18 = -2*m - 5*c + g, -4*m = -2*c - 14. What are the prime factors of m?
5
Suppose -430 = -2*v - 3*v. Suppose 282 = 2*u - v. What are the prime factors of u?
2, 23
Let q(y) = y - 3. Let u be q(3). Suppose -5*z + 0*z - 10 = u. List the prime factors of (-1)/2 - 45/z.
2, 11
Let r(s) = 754*s - 6. What are the prime factors of r(1)?
2, 11, 17
What are the prime factors of -1*4 + 19 + (3367 - 9)?
3373
Let t be 4 + 1 + 1 + 0. Suppose 2*k - t = 0, -g + 6*k - 2*k - 3 = 0. List the prime factors of 39/((9/2)/g).
2, 3, 13
Let y = 2086 + -860. List the prime factors of y.
2, 613
Let u = -11 + 15. Let t = -51 + 25. Let w = u - t. List the prime factors of w.
2, 3, 5
Let d = -2738 - -4819. What are the prime factors of d?
2081
Suppose p = -5*m + 11913, 2*p + 0*p - 11911 = -5*m. What are the prime factors of m?
2383
Suppose -5*g + 7 + 18 = 0. Suppose -210 = -3*k - 0*m + 2*m, -g*m = -4*k + 287. List the prime factors of k.
2, 17
What are the prime factors of (-5322)/(-4) + (-4)/16*-6?
2, 3, 37
Suppose 7*z - 3*z = 12. Let j(u) = 2*u**3 - 13*u + 2 + 15*u + 12*u**2 - 12 - 3*u**z. What are the prime factors of j(12)?
2, 7
Let l = -34 - -23. Let c = 52 - l. What are the prime factors of c?
3, 7
Suppose 5*l - 5112 = 2*t, -5*l + 3*t + 2451 = -2662. List the prime factors of l.
2, 7, 73
Let o be (19 - 20)/(1/(-355)). Suppose 3*w + 164 = -3*c - o, -4*c + 2*w = 704. Let b = c - -245. What are the prime factors of b?
2, 5, 7
Let f = 111 + -9. List the prime factors of (-12)/f - (-2790)/17.
2, 41
Let j(o) = -15*o**3 + 8*o**2 - 6*o - 2. Let g(l) = -15*l**3 + 7*l**2 - 5*l - 2. Let m(x) = -6*g(x) + 5*j(x). List the prime factors of m(2).
2, 3, 19
Let l(p) be the second derivative of p**4/12 + p**3 - p**2/2 + 9*p. List the prime factors of l(-8).
3, 5
Suppose 5*i - 4*i + 2 = 0. Let c be (3038/3)/(i/(-3)). List the prime factors of c/56 + (-1)/8.
3
Let h(w) = -w**2 - 13*w - 4. Let m be h(-12). Let j(p) = 0 - m*p**2 - 5*p + p**3 - 5 + 6*p**2. List the prime factors of j(5).
3, 5
Let k = -45 - -32. Let n(c) = -c**2 - 13*c + 7. Let r be n(k). Suppose 5*z - 3*x = -r*x + 96, -3*z + 58 = 2*x. List the prime factors of z.
2, 5
Suppose 2*o = 2*g + 3 + 11, -4*g = 4*o + 12. Suppose o*t = 284 - 98. What are the prime factors of t?
3, 31
Let u = -755 + 1327. What are the prime factors of u?
2, 11, 13
Let s(z) = -3*z**3 - 5*z**2 + 4*z + 4. Suppose 9 + 5 = -3*o + 2*b, -2 = -2*b. What are the prime factors of s(o)?
2, 5
Let y(d) = -d - 3. Let a be y(-3). Let w be 2 - (a + (-4)/2). Suppose 8*o = w*o + 44. List the prime factors of o.
11
Suppose -2*g - 4*p - 328 = -0*p, 0 = -g - 5*p - 158. List the prime factors of ((-90)/(-35))/((-9)/g).
2, 3
Suppose -11*o = -12*o + 66. What are the prime factors of o/4*(-52)/(-39)?
2, 11
Suppose -6*m + 2*m + 6540 = 0. List the prime factors of m.
3, 5, 109
Let d = -26 - -16. Suppose i + 2 = -5*o + 8, 4*i = o - 81. Let m = d - i. List the prime factors of m.
3
Suppose -h - 24 = -4*h - 4*o, -29 = -5*h - 3*o. Suppose -2*u = -4*c - 150, 3*c - 164 = -h*u + 2*u. What are the prime factors of u?
79
Let j(t) = 6*t**2 + 3*t + 2. Let h be j(-1). Suppose -h*x + x + 124 = 0. What are the prime factors of (-1 + 0)*x/(-1)?
31
Let d = 757 + 117. What are the prime factors of d?
2, 19, 23
Suppose j - 3*z = -8*z + 144, -4*z + 560 = 4*j. What are the prime factors of j?
139
Let s(m) = m + 7. Let f be s(-5). Let z(v) = 14*v + 7. What are the prime factors of z(f)?
5, 7
Let s(g) = -6*g**3 - 5*g**2 - 21*g - 70. What are the prime factors of s(-6)?
2, 293
Let n(h) = -h**3 + 2*h**2 - h + 1065. What are the prime factors of n(0)?
3, 5, 71
Let h(d) be the second derivative of -d**4/6 - 4*d**3/3 - d**2/2 + 12*d. Let s be h(-4). What are the prime factors of (0 - s)/((-1)/(-35))?
5, 7
Let t be -1 + -8*2/(-4). Suppose -y + 13 = t*v, 2*v + 2*v = -y + 11. List the prime factors of y.
19
Suppose -v + 7 + 9 = 2*b, -3*b = 0. Let y = 88 - 85. Suppose o + v = y*o - p, 0 = -p + 4. What are the prime factors of o?
2, 5
Let v be -5*(-14)/(112/(-312)). Suppose -5*l - 6 = -2*l. List the prime factors of v/(-9)*(5 + l).
5, 13
Let a be ((-8)/5)/(2/(-55)). Suppose -4*y + a = 3*l, y = -l + 9 + 5. What are the prime factors of l?
2, 3
Let g(t) = 37*t - 188. List the prime factors of g(6).
2, 17
Suppose -v + 5 - 1 = 0. Suppose 2*u + 4*o + 20 = 126, o - 205 = -4*u. Suppose -3*i + 24 + u = -v*h, 50 = 2*i + h. What are the prime factors of i?
5
Suppose -64*t = -60*t - 3000. List the prime factors of t.
2, 3, 5
Suppose 381 = g - 5*i, 2*g - 734 = -5*i + i. Let c = g - 76. What are the prime factors of c?
5, 59
Suppose -t - 4107 = -4*f, 2061 = 3*f - f - 3*t. List the prime factors of 6/(-4) - f/(-12).
2, 3, 7
Let w(r) = 25*r - 72. List the prime factors of w(24).
2, 3, 11
Let z(h) = -5*h**2 + 17*h - 9. Let w = -7 + 3. Let l(t) = -11*t**2 + 35*t - 19. Let q(n) = w*l(n) + 9*z(n). List 